{"id":9836,"date":"2022-07-13T11:52:48","date_gmt":"2022-07-13T11:52:48","guid":{"rendered":"https:\/\/nerba.pt\/site\/?page_id=9836"},"modified":"2023-03-21T11:02:43","modified_gmt":"2023-03-21T11:02:43","slug":"formacao-modular-2","status":"publish","type":"page","link":"https:\/\/nerba.pt\/site\/formacao-modular-2\/","title":{"rendered":"\u00a0Forma\u00e7\u00e3o Modular"},"content":{"rendered":"\t\t<div data-elementor-type=\"wp-page\" data-elementor-id=\"9836\" class=\"elementor elementor-9836\" data-elementor-post-type=\"page\">\n\t\t\t\t\t\t\t\t\t<section class=\"elementor-section elementor-top-section elementor-element elementor-element-fda7cc8 elementor-section-boxed elementor-section-height-default elementor-section-height-default\" data-id=\"fda7cc8\" data-element_type=\"section\">\n\t\t\t\t\t\t<div class=\"elementor-container elementor-column-gap-default\">\n\t\t\t\t\t<div class=\"elementor-column elementor-col-100 elementor-top-column elementor-element elementor-element-4bac1b7\" data-id=\"4bac1b7\" data-element_type=\"column\">\n\t\t\t<div class=\"elementor-widget-wrap elementor-element-populated\">\n\t\t\t\t\t\t\t\t<div class=\"elementor-element elementor-element-90b6cda elementor-widget elementor-widget-image\" data-id=\"90b6cda\" data-element_type=\"widget\" data-widget_type=\"image.default\">\n\t\t\t\t<div class=\"elementor-widget-container\">\n\t\t\t\t\t\t\t\t\t\t\t\t\t\t\t<img decoding=\"async\" width=\"1200\" height=\"383\" data-src=\"https:\/\/nerba.pt\/site\/wp-content\/uploads\/2023\/03\/article-1400x447.webp\" class=\"attachment-large size-large wp-image-14079 lazyload\" alt=\"\" data-srcset=\"https:\/\/nerba.pt\/site\/wp-content\/uploads\/2023\/03\/article-1400x447.webp 1400w, https:\/\/nerba.pt\/site\/wp-content\/uploads\/2023\/03\/article-800x256.webp 800w, https:\/\/nerba.pt\/site\/wp-content\/uploads\/2023\/03\/article-768x245.webp 768w, https:\/\/nerba.pt\/site\/wp-content\/uploads\/2023\/03\/article-18x6.webp 18w, https:\/\/nerba.pt\/site\/wp-content\/uploads\/2023\/03\/article.webp 1440w\" data-sizes=\"(max-width: 1200px) 100vw, 1200px\" src=\"data:image\/svg+xml;base64,PHN2ZyB3aWR0aD0iMSIgaGVpZ2h0PSIxIiB4bWxucz0iaHR0cDovL3d3dy53My5vcmcvMjAwMC9zdmciPjwvc3ZnPg==\" style=\"--smush-placeholder-width: 1200px; --smush-placeholder-aspect-ratio: 1200\/383;\" \/>\t\t\t\t\t\t\t\t\t\t\t\t\t\t\t<\/div>\n\t\t\t\t<\/div>\n\t\t\t\t\t<\/div>\n\t\t<\/div>\n\t\t\t\t\t\t\t<\/div>\n\t\t<\/section>\n\t\t\t\t<section class=\"elementor-section elementor-top-section elementor-element elementor-element-e780b77 elementor-section-boxed elementor-section-height-default elementor-section-height-default\" data-id=\"e780b77\" data-element_type=\"section\">\n\t\t\t\t\t\t<div class=\"elementor-container elementor-column-gap-default\">\n\t\t\t\t\t<div class=\"elementor-column elementor-col-100 elementor-top-column elementor-element elementor-element-4962b25\" data-id=\"4962b25\" data-element_type=\"column\">\n\t\t\t<div class=\"elementor-widget-wrap elementor-element-populated\">\n\t\t\t\t\t\t\t\t<div class=\"elementor-element elementor-element-811cea4 elementor-widget elementor-widget-text-editor\" data-id=\"811cea4\" data-element_type=\"widget\" data-widget_type=\"text-editor.default\">\n\t\t\t\t<div class=\"elementor-widget-container\">\n\t\t\t\t\t\t\t<p><strong>Designa\u00e7\u00e3o do projeto: <\/strong>1.08 Forma\u00e7\u00e3o Modular para Empregados e Desempregados\u00a0<\/p>\t\t\t\t\t\t<\/div>\n\t\t\t\t<\/div>\n\t\t\t\t<div class=\"elementor-element elementor-element-b6653eb elementor-widget elementor-widget-text-editor\" data-id=\"b6653eb\" data-element_type=\"widget\" data-widget_type=\"text-editor.default\">\n\t\t\t\t<div class=\"elementor-widget-container\">\n\t\t\t\t\t\t\t<p><strong>C\u00f3digo do projeto: <\/strong>POISE-01-3524-FSE-003124\u00a0<\/p>\t\t\t\t\t\t<\/div>\n\t\t\t\t<\/div>\n\t\t\t\t<div class=\"elementor-element elementor-element-1a0792f elementor-widget elementor-widget-text-editor\" data-id=\"1a0792f\" data-element_type=\"widget\" data-widget_type=\"text-editor.default\">\n\t\t\t\t<div class=\"elementor-widget-container\">\n\t\t\t\t\t\t\t<p><strong>Objetivo principal: <\/strong>Valorizar as pessoas de forma a torn\u00e1-las mais produtivas e diferenciadas, modernizar as pr\u00e1ticas, rentabilizar os recursos materiais e humanos, mobilizar para a aprendizagem ao longo da vida, garantir um funcionamento \u00e1gil e organizado do cofinanciamento e da entidade respons\u00e1vel por implement\u00e1-lo. Oferecer condi\u00e7\u00f5es para se fazer a apropria\u00e7\u00e3o do conhecimento em benef\u00edcio das empresas e dos empres\u00e1rios, atrav\u00e9s da coopera\u00e7\u00e3o entre organiza\u00e7\u00f5es.<\/p>\t\t\t\t\t\t<\/div>\n\t\t\t\t<\/div>\n\t\t\t\t<div class=\"elementor-element elementor-element-4b95aee elementor-widget elementor-widget-text-editor\" data-id=\"4b95aee\" data-element_type=\"widget\" data-widget_type=\"text-editor.default\">\n\t\t\t\t<div class=\"elementor-widget-container\">\n\t\t\t\t\t\t\t<p><strong>Regi\u00e3o de interven\u00e7\u00e3o: <\/strong>Norte<\/p>\t\t\t\t\t\t<\/div>\n\t\t\t\t<\/div>\n\t\t\t\t<div class=\"elementor-element elementor-element-7c40117 elementor-widget elementor-widget-text-editor\" data-id=\"7c40117\" data-element_type=\"widget\" data-widget_type=\"text-editor.default\">\n\t\t\t\t<div class=\"elementor-widget-container\">\n\t\t\t\t\t\t\t<p><strong>Entidade benefici\u00e1ria: <\/strong>NERBA &#8211; Associa\u00e7\u00e3o Empresarial do Distrito de Bragan\u00e7a<\/p>\t\t\t\t\t\t<\/div>\n\t\t\t\t<\/div>\n\t\t\t\t<div class=\"elementor-element elementor-element-a0b4a47 elementor-widget elementor-widget-text-editor\" data-id=\"a0b4a47\" data-element_type=\"widget\" data-widget_type=\"text-editor.default\">\n\t\t\t\t<div class=\"elementor-widget-container\">\n\t\t\t\t\t\t\t<p><strong>Data de aprova\u00e7\u00e3o: <\/strong>07-01-2021<\/p><p><strong>Data de in\u00edcio: <\/strong>08-03-2021<\/p><p><strong>Data de conclus\u00e3o:<\/strong> 05-12-2022<\/p><p><strong>Custo total eleg\u00edvel: <\/strong>148.044,93 \u20ac<\/p><p><strong>Apoio financeiro da Uni\u00e3o Europeia: <\/strong>148.044,93 \u20ac<\/p><p><strong>Apoio financeiro p\u00fablico nacional\/regional: <\/strong>0<\/p><p>\u00a0<\/p>\t\t\t\t\t\t<\/div>\n\t\t\t\t<\/div>\n\t\t\t\t<div class=\"elementor-element elementor-element-55e627c elementor-widget elementor-widget-text-editor\" data-id=\"55e627c\" data-element_type=\"widget\" data-widget_type=\"text-editor.default\">\n\t\t\t\t<div class=\"elementor-widget-container\">\n\t\t\t\t\t\t\t<p><strong>Objetivos de concretiza\u00e7\u00e3o:<\/strong> Contribuir para o aumento das compet\u00eancias e qualifica\u00e7\u00f5es necess\u00e1rias para empregados e desempregados do distrito de Bragan\u00e7a, atrav\u00e9s da realiza\u00e7\u00e3o de 25.442 horas de forma\u00e7\u00e3o. Introduzir fatores de inova\u00e7\u00e3o com a oferta na qualifica\u00e7\u00e3o em 7 \u00e1reas de forma\u00e7\u00e3o, procurando introduzir uma nova vis\u00e3o que permita a inclus\u00e3o de fatores de modernidade, inova\u00e7\u00e3o e capacidade empresarial que permita contribuir para o desenvolvimento econ\u00f3mico e social da regi\u00e3o, e procurando, dessa forma, melhorar a rede de apoio \u00e0s empresas e organiza\u00e7\u00f5es. Pretende ainda, ao conjugar este projeto com o Centro Qualifica, aumentar a escolaridade e qualifica\u00e7\u00e3o da popula\u00e7\u00e3o, atrav\u00e9s da certifica\u00e7\u00e3o das compet\u00eancias atrav\u00e9s do RVCC. Incorporar e fazer cumprir as a\u00e7\u00f5es previstas no \u00e2mbito da certifica\u00e7\u00e3o do territ\u00f3rio da Reserva da Biosfera Transfronteiri\u00e7a &#8211; Meseta Ib\u00e9rica como Destino de Turismo Sustent\u00e1vel. Refor\u00e7ar o seu contributo na literacia digital na forma\u00e7\u00e3o de adultos, assim como, junto de empregadores e empregados. E fazer cumprir com as orienta\u00e7\u00f5es e melhores pr\u00e1ticas a n\u00edvel da preven\u00e7\u00e3o da infe\u00e7\u00e3o por SARS-Cov.2. Introduzir a oferta de forma\u00e7\u00e3o \u00e0 dist\u00e2ncia, para dar resposta a interesses e desafios que formandos\/as e empregadores fazem chegar ao NERBA.<\/p>\t\t\t\t\t\t<\/div>\n\t\t\t\t<\/div>\n\t\t\t\t\t<\/div>\n\t\t<\/div>\n\t\t\t\t\t\t\t<\/div>\n\t\t<\/section>\n\t\t\t\t<section class=\"elementor-section elementor-top-section elementor-element elementor-element-2ed0e3a elementor-section-boxed elementor-section-height-default elementor-section-height-default\" data-id=\"2ed0e3a\" data-element_type=\"section\">\n\t\t\t\t\t\t<div class=\"elementor-container elementor-column-gap-default\">\n\t\t\t\t\t<div class=\"elementor-column elementor-col-100 elementor-top-column elementor-element elementor-element-69e1e83\" data-id=\"69e1e83\" data-element_type=\"column\">\n\t\t\t<div class=\"elementor-widget-wrap\">\n\t\t\t\t\t\t\t\t\t<\/div>\n\t\t<\/div>\n\t\t\t\t\t\t\t<\/div>\n\t\t<\/section>\n\t\t\t\t<section class=\"elementor-section elementor-top-section elementor-element elementor-element-f2626b8 elementor-section-boxed elementor-section-height-default elementor-section-height-default\" data-id=\"f2626b8\" data-element_type=\"section\">\n\t\t\t\t\t\t<div class=\"elementor-container elementor-column-gap-default\">\n\t\t\t\t\t<div class=\"elementor-column elementor-col-33 elementor-top-column elementor-element elementor-element-2971683\" data-id=\"2971683\" data-element_type=\"column\">\n\t\t\t<div class=\"elementor-widget-wrap\">\n\t\t\t\t\t\t\t\t\t<\/div>\n\t\t<\/div>\n\t\t\t\t<div class=\"elementor-column elementor-col-33 elementor-top-column elementor-element elementor-element-b78994d\" data-id=\"b78994d\" data-element_type=\"column\">\n\t\t\t<div class=\"elementor-widget-wrap elementor-element-populated\">\n\t\t\t\t\t\t\t\t<div class=\"elementor-element elementor-element-a410821 elementor-widget elementor-widget-image\" data-id=\"a410821\" data-element_type=\"widget\" data-widget_type=\"image.default\">\n\t\t\t\t<div class=\"elementor-widget-container\">\n\t\t\t\t\t\t\t\t\t\t\t\t\t\t\t<img decoding=\"async\" width=\"1200\" height=\"170\" data-src=\"https:\/\/nerba.pt\/site\/wp-content\/uploads\/2022\/07\/BARRA-LOGOTIPOS.png\" class=\"attachment-large size-large wp-image-9869 lazyload\" alt=\"\" src=\"data:image\/svg+xml;base64,PHN2ZyB3aWR0aD0iMSIgaGVpZ2h0PSIxIiB4bWxucz0iaHR0cDovL3d3dy53My5vcmcvMjAwMC9zdmciPjwvc3ZnPg==\" style=\"--smush-placeholder-width: 1200px; --smush-placeholder-aspect-ratio: 1200\/170;\" \/>\t\t\t\t\t\t\t\t\t\t\t\t\t\t\t<\/div>\n\t\t\t\t<\/div>\n\t\t\t\t\t<\/div>\n\t\t<\/div>\n\t\t\t\t<div class=\"elementor-column elementor-col-33 elementor-top-column elementor-element elementor-element-ec6ece7\" data-id=\"ec6ece7\" data-element_type=\"column\">\n\t\t\t<div class=\"elementor-widget-wrap\">\n\t\t\t\t\t\t\t\t\t<\/div>\n\t\t<\/div>\n\t\t\t\t\t\t\t<\/div>\n\t\t<\/section>\n\t\t\t\t\t\t\t<\/div>\n\t\t","protected":false},"excerpt":{"rendered":"<p>Designa\u00e7\u00e3o do projeto: 1.08 Forma\u00e7\u00e3o Modular para Empregados e Desempregados\u00a0 C\u00f3digo do projeto: POISE-01-3524-FSE-003124\u00a0 Objetivo principal: Valorizar as pessoas de forma a torn\u00e1-las mais produtivas e diferenciadas, modernizar as pr\u00e1ticas, rentabilizar os recursos materiais e humanos, mobilizar para a aprendizagem ao longo da vida, garantir um funcionamento \u00e1gil e organizado do cofinanciamento e da entidade&hellip;<\/p>\n","protected":false},"author":1,"featured_media":0,"parent":0,"menu_order":20,"comment_status":"closed","ping_status":"closed","template":"","meta":{"footnotes":""},"class_list":["post-9836","page","type-page","status-publish","hentry"],"_links":{"self":[{"href":"https:\/\/nerba.pt\/site\/wp-json\/wp\/v2\/pages\/9836","targetHints":{"allow":["GET"]}}],"collection":[{"href":"https:\/\/nerba.pt\/site\/wp-json\/wp\/v2\/pages"}],"about":[{"href":"https:\/\/nerba.pt\/site\/wp-json\/wp\/v2\/types\/page"}],"author":[{"embeddable":true,"href":"https:\/\/nerba.pt\/site\/wp-json\/wp\/v2\/users\/1"}],"replies":[{"embeddable":true,"href":"https:\/\/nerba.pt\/site\/wp-json\/wp\/v2\/comments?post=9836"}],"version-history":[{"count":0,"href":"https:\/\/nerba.pt\/site\/wp-json\/wp\/v2\/pages\/9836\/revisions"}],"wp:attachment":[{"href":"https:\/\/nerba.pt\/site\/wp-json\/wp\/v2\/media?parent=9836"}],"curies":[{"name":"wp","href":"https:\/\/api.w.org\/{rel}","templated":true}]}}