{"id":20669,"date":"2025-08-19T13:16:46","date_gmt":"2025-08-19T13:16:46","guid":{"rendered":"https:\/\/nerba.pt\/site\/?page_id=20669"},"modified":"2025-08-19T13:52:20","modified_gmt":"2025-08-19T13:52:20","slug":"form-aluguer","status":"publish","type":"page","link":"https:\/\/nerba.pt\/site\/form-aluguer\/","title":{"rendered":"Form Aluguer"},"content":{"rendered":"\t\t<div data-elementor-type=\"wp-page\" data-elementor-id=\"20669\" class=\"elementor elementor-20669\" data-elementor-post-type=\"page\">\n\t\t\t\t\t\t\t\t\t<section class=\"elementor-section elementor-top-section elementor-element elementor-element-f9026b5 elementor-section-boxed elementor-section-height-default elementor-section-height-default\" data-id=\"f9026b5\" data-element_type=\"section\">\n\t\t\t\t\t\t<div class=\"elementor-container elementor-column-gap-default\">\n\t\t\t\t\t<div class=\"elementor-column elementor-col-100 elementor-top-column elementor-element elementor-element-6b92268\" data-id=\"6b92268\" data-element_type=\"column\">\n\t\t\t<div class=\"elementor-widget-wrap elementor-element-populated\">\n\t\t\t\t\t\t\t\t<div class=\"elementor-element elementor-element-519cc91 elementor-widget elementor-widget-spacer\" data-id=\"519cc91\" data-element_type=\"widget\" data-widget_type=\"spacer.default\">\n\t\t\t\t<div class=\"elementor-widget-container\">\n\t\t\t\t\t<div class=\"elementor-spacer\">\n\t\t\t<div class=\"elementor-spacer-inner\"><\/div>\n\t\t<\/div>\n\t\t\t\t<\/div>\n\t\t\t\t<\/div>\n\t\t\t\t\t<\/div>\n\t\t<\/div>\n\t\t\t\t\t\t\t<\/div>\n\t\t<\/section>\n\t\t\t\t<section class=\"elementor-section elementor-top-section elementor-element elementor-element-b826270 elementor-section-boxed elementor-section-height-default elementor-section-height-default\" data-id=\"b826270\" data-element_type=\"section\">\n\t\t\t\t\t\t<div class=\"elementor-container elementor-column-gap-default\">\n\t\t\t\t\t<div class=\"elementor-column elementor-col-100 elementor-top-column elementor-element elementor-element-4d19ab4\" data-id=\"4d19ab4\" data-element_type=\"column\">\n\t\t\t<div class=\"elementor-widget-wrap elementor-element-populated\">\n\t\t\t\t\t\t\t\t<div class=\"elementor-element elementor-element-4e90f50 elementor-widget elementor-widget-heading\" data-id=\"4e90f50\" data-element_type=\"widget\" data-widget_type=\"heading.default\">\n\t\t\t\t<div class=\"elementor-widget-container\">\n\t\t\t<h3 class=\"elementor-heading-title elementor-size-default\">Arrende j\u00e1 as nossas instala\u00e7\u00f5es<\/h3>\t\t<\/div>\n\t\t\t\t<\/div>\n\t\t\t\t\t<\/div>\n\t\t<\/div>\n\t\t\t\t\t\t\t<\/div>\n\t\t<\/section>\n\t\t\t\t<section class=\"elementor-section elementor-top-section elementor-element elementor-element-6d0669f elementor-section-boxed elementor-section-height-default elementor-section-height-default\" data-id=\"6d0669f\" data-element_type=\"section\">\n\t\t\t\t\t\t<div class=\"elementor-container elementor-column-gap-default\">\n\t\t\t\t\t<div class=\"elementor-column elementor-col-100 elementor-top-column elementor-element elementor-element-4f7e98a\" data-id=\"4f7e98a\" data-element_type=\"column\">\n\t\t\t<div class=\"elementor-widget-wrap elementor-element-populated\">\n\t\t\t\t\t\t\t\t<div class=\"elementor-element elementor-element-a04fce3 elementor-widget elementor-widget-wpforms\" data-id=\"a04fce3\" data-element_type=\"widget\" data-widget_type=\"wpforms.default\">\n\t\t\t\t<div class=\"elementor-widget-container\">\n\t\t\t<div class=\"wpforms-container wpforms-container-full\" id=\"wpforms-8740\"><form id=\"wpforms-form-8740\" class=\"wpforms-validate wpforms-form wpforms-ajax-form\" data-formid=\"8740\" method=\"post\" enctype=\"multipart\/form-data\" action=\"\/site\/wp-json\/wp\/v2\/pages\/20669?wpforms_form_id=8740\" data-token=\"11db3d08b948d3a79e75f38938a31231\"><noscript class=\"wpforms-error-noscript\">Please enable JavaScript in your browser to complete this form.<\/noscript><div class=\"wpforms-field-container\"><div id=\"wpforms-8740-field_1-container\" class=\"wpforms-field wpforms-field-name\" data-field-id=\"1\"><label class=\"wpforms-field-label\" for=\"wpforms-8740-field_1\">Nome <span class=\"wpforms-required-label\">*<\/span><\/label><input type=\"text\" id=\"wpforms-8740-field_1\" class=\"wpforms-field-large wpforms-field-required\" name=\"wpforms[fields][1]\" placeholder=\"O seu nome...\" required><\/div><div id=\"wpforms-8740-field_2-container\" class=\"wpforms-field wpforms-field-name\" data-field-id=\"2\"><label class=\"wpforms-field-label\" for=\"wpforms-8740-field_2\">Empresa<\/label><input type=\"text\" id=\"wpforms-8740-field_2\" class=\"wpforms-field-large\" name=\"wpforms[fields][2]\" placeholder=\"O nome da sua empresa...\" ><\/div><div id=\"wpforms-8740-field_3-container\" class=\"wpforms-field wpforms-field-email\" data-field-id=\"3\"><label class=\"wpforms-field-label\" for=\"wpforms-8740-field_3\">Email <span class=\"wpforms-required-label\">*<\/span><\/label><input type=\"email\" id=\"wpforms-8740-field_3\" class=\"wpforms-field-large wpforms-field-required\" name=\"wpforms[fields][3]\" placeholder=\"O email para o qual deseja ser contactado...\" required><\/div><div id=\"wpforms-8740-field_4-container\" class=\"wpforms-field wpforms-field-phone\" data-field-id=\"4\"><label class=\"wpforms-field-label\" for=\"wpforms-8740-field_4\">N\u00famero Telef\u00f3nico <span class=\"wpforms-required-label\">*<\/span><\/label><input type=\"tel\" id=\"wpforms-8740-field_4\" class=\"wpforms-field-large wpforms-field-required wpforms-smart-phone-field\" data-rule-smart-phone-field=\"true\" name=\"wpforms[fields][4]\" placeholder=\"O seu n\u00famero telef\u00f3nico ou da sua empresa...\" required><\/div><div id=\"wpforms-8740-field_5-container\" class=\"wpforms-field wpforms-field-checkbox wpforms-list-3-columns\" data-field-id=\"5\"><label class=\"wpforms-field-label\" for=\"wpforms-8740-field_5\">Associado NERBA <span class=\"wpforms-required-label\">*<\/span><\/label><ul id=\"wpforms-8740-field_5\" class=\"wpforms-field-required\"><li class=\"choice-1 depth-1\"><input type=\"checkbox\" id=\"wpforms-8740-field_5_1\" name=\"wpforms[fields][5][]\" value=\"Sim\" required ><label class=\"wpforms-field-label-inline\" for=\"wpforms-8740-field_5_1\">Sim<\/label><\/li><li class=\"choice-2 depth-1\"><input type=\"checkbox\" id=\"wpforms-8740-field_5_2\" name=\"wpforms[fields][5][]\" value=\"N\u00e3o\" required ><label class=\"wpforms-field-label-inline\" for=\"wpforms-8740-field_5_2\">N\u00e3o<\/label><\/li><\/ul><\/div><div id=\"wpforms-8740-field_6-container\" class=\"wpforms-field wpforms-field-payment-select wpforms-field-select-style-modern\" data-field-id=\"6\"><label class=\"wpforms-field-label\" for=\"wpforms-8740-field_6\">Espa\u00e7o <span class=\"wpforms-required-label\">*<\/span><\/label><select id=\"wpforms-8740-field_6\" class=\"wpforms-payment-price wpforms-field-large wpforms-field-required choicesjs-select\" data-size-class=\"wpforms-field-row wpforms-field-large\" data-search-enabled=\"1\" name=\"wpforms[fields][6]\" required=\"required\"><option value=\"\" class=\"placeholder\" disabled  selected='selected'>Pavilh\u00e3o de Multiusos<\/option><option value=\"1\" data-amount=\"0.00\" data-custom-properties=\"0.00\" >Pavilh\u00e3o de Multiusos<\/option><option value=\"2\" data-amount=\"0.00\" data-custom-properties=\"0.00\" >Bilheteira<\/option><option value=\"4\" data-amount=\"0.00\" data-custom-properties=\"0.00\" >Sala para Apoio a Eventos<\/option><option value=\"5\" data-amount=\"0.00\" data-custom-properties=\"0.00\" >Gabinete de Secretariado<\/option><option value=\"7\" data-amount=\"0.00\" data-custom-properties=\"0.00\" >Sala de Forma\u00e7\u00e3o<\/option><option value=\"8\" data-amount=\"0.00\" data-custom-properties=\"0.00\" >Sala de Reuni\u00e3o<\/option><option value=\"9\" data-amount=\"0.00\" data-custom-properties=\"0.00\" >Bar<\/option><option value=\"10\" data-amount=\"0.00\" data-custom-properties=\"0.00\" >Audit\u00f3rio com capacidade para 234 pessoa<\/option><option value=\"11\" data-amount=\"0.00\" data-custom-properties=\"0.00\" >Tasquinha Equipada<\/option><option value=\"13\" data-amount=\"0.00\" data-custom-properties=\"0.00\" >Bar Restaurante<\/option><\/select><div class=\"wpforms-field-description\">Espa\u00e7o das instala\u00e7\u00f5es do NERBA que deseja arrendar<\/div><\/div><div id=\"wpforms-8740-field_9-container\" class=\"wpforms-field wpforms-field-checkbox wpforms-list-inline\" data-field-id=\"9\"><label class=\"wpforms-field-label\" for=\"wpforms-8740-field_9\">Aluguer de Equipamentos <span class=\"wpforms-required-label\">*<\/span><\/label><ul id=\"wpforms-8740-field_9\" class=\"wpforms-field-required\"><li class=\"choice-1 depth-1\"><input type=\"checkbox\" id=\"wpforms-8740-field_9_1\" name=\"wpforms[fields][9][]\" value=\"Nenhum Equipamento\" required ><label class=\"wpforms-field-label-inline\" for=\"wpforms-8740-field_9_1\">Nenhum Equipamento<\/label><\/li><li class=\"choice-2 depth-1\"><input type=\"checkbox\" id=\"wpforms-8740-field_9_2\" name=\"wpforms[fields][9][]\" value=\"Computador\" required ><label class=\"wpforms-field-label-inline\" for=\"wpforms-8740-field_9_2\">Computador<\/label><\/li><li class=\"choice-3 depth-1\"><input type=\"checkbox\" id=\"wpforms-8740-field_9_3\" name=\"wpforms[fields][9][]\" value=\"V\u00eddeo Projector\" required ><label class=\"wpforms-field-label-inline\" for=\"wpforms-8740-field_9_3\">V\u00eddeo Projector<\/label><\/li><li class=\"choice-8 depth-1\"><input type=\"checkbox\" id=\"wpforms-8740-field_9_8\" name=\"wpforms[fields][9][]\" value=\"Tela de Proje\u00e7\u00e3o\" required ><label class=\"wpforms-field-label-inline\" for=\"wpforms-8740-field_9_8\">Tela de Proje\u00e7\u00e3o<\/label><\/li><li class=\"choice-7 depth-1\"><input type=\"checkbox\" id=\"wpforms-8740-field_9_7\" name=\"wpforms[fields][9][]\" value=\"Sistema de Som\" required ><label class=\"wpforms-field-label-inline\" for=\"wpforms-8740-field_9_7\">Sistema de Som<\/label><\/li><li class=\"choice-6 depth-1\"><input type=\"checkbox\" id=\"wpforms-8740-field_9_6\" name=\"wpforms[fields][9][]\" value=\"Bancos\" required ><label class=\"wpforms-field-label-inline\" for=\"wpforms-8740-field_9_6\">Bancos<\/label><\/li><li class=\"choice-5 depth-1\"><input type=\"checkbox\" id=\"wpforms-8740-field_9_5\" name=\"wpforms[fields][9][]\" value=\"Cadeiras\" required ><label class=\"wpforms-field-label-inline\" for=\"wpforms-8740-field_9_5\">Cadeiras<\/label><\/li><li class=\"choice-4 depth-1\"><input type=\"checkbox\" id=\"wpforms-8740-field_9_4\" name=\"wpforms[fields][9][]\" value=\"Outros\" required ><label class=\"wpforms-field-label-inline\" for=\"wpforms-8740-field_9_4\">Outros<\/label><\/li><\/ul><\/div><div id=\"wpforms-8740-field_10-container\" class=\"wpforms-field wpforms-field-payment-checkbox wpforms-list-inline\" data-field-id=\"10\"><label class=\"wpforms-field-label\" for=\"wpforms-8740-field_10\">Complemento ao espa\u00e7o \u00e9 poss\u00edvel requisitar.* <span class=\"wpforms-required-label\">*<\/span><\/label><ul id=\"wpforms-8740-field_10\" class=\"wpforms-field-required\"><li class=\"choice-10\"><input type=\"checkbox\" id=\"wpforms-8740-field_10_10\" class=\"wpforms-payment-price\" data-amount=\"0.00\" name=\"wpforms[fields][10][]\" value=\"10\" required ><label class=\"wpforms-field-label-inline\" for=\"wpforms-8740-field_10_10\">Nenhum<\/label><\/li><li class=\"choice-1\"><input type=\"checkbox\" id=\"wpforms-8740-field_10_1\" class=\"wpforms-payment-price\" data-amount=\"0.00\" name=\"wpforms[fields][10][]\" value=\"1\" required ><label class=\"wpforms-field-label-inline\" for=\"wpforms-8740-field_10_1\">Arranjos Florais<\/label><\/li><li class=\"choice-2\"><input type=\"checkbox\" id=\"wpforms-8740-field_10_2\" class=\"wpforms-payment-price\" data-amount=\"0.00\" name=\"wpforms[fields][10][]\" value=\"2\" required ><label class=\"wpforms-field-label-inline\" for=\"wpforms-8740-field_10_2\">Assist\u00eancia T\u00e9cnica (Som)<\/label><\/li><li class=\"choice-3\"><input type=\"checkbox\" id=\"wpforms-8740-field_10_3\" class=\"wpforms-payment-price\" data-amount=\"0.00\" name=\"wpforms[fields][10][]\" value=\"3\" required ><label class=\"wpforms-field-label-inline\" for=\"wpforms-8740-field_10_3\">Pain\u00e9is (Lettering)<\/label><\/li><li class=\"choice-4\"><input type=\"checkbox\" id=\"wpforms-8740-field_10_4\" class=\"wpforms-payment-price\" data-amount=\"0.00\" name=\"wpforms[fields][10][]\" value=\"4\" required ><label class=\"wpforms-field-label-inline\" for=\"wpforms-8740-field_10_4\">Servi\u00e7o de Apoio<\/label><\/li><li class=\"choice-5\"><input type=\"checkbox\" id=\"wpforms-8740-field_10_5\" class=\"wpforms-payment-price\" data-amount=\"0.00\" name=\"wpforms[fields][10][]\" value=\"5\" required ><label class=\"wpforms-field-label-inline\" for=\"wpforms-8740-field_10_5\">Servi\u00e7o de Bar<\/label><\/li><li class=\"choice-6\"><input type=\"checkbox\" id=\"wpforms-8740-field_10_6\" class=\"wpforms-payment-price\" data-amount=\"0.00\" name=\"wpforms[fields][10][]\" value=\"6\" required ><label class=\"wpforms-field-label-inline\" for=\"wpforms-8740-field_10_6\">Seguran\u00e7a \/ Vigil\u00e2ncia<\/label><\/li><li class=\"choice-7\"><input type=\"checkbox\" id=\"wpforms-8740-field_10_7\" class=\"wpforms-payment-price\" data-amount=\"0.00\" name=\"wpforms[fields][10][]\" value=\"7\" required ><label class=\"wpforms-field-label-inline\" for=\"wpforms-8740-field_10_7\">Servi\u00e7o de Limpeza<\/label><\/li><li class=\"choice-8\"><input type=\"checkbox\" id=\"wpforms-8740-field_10_8\" class=\"wpforms-payment-price\" data-amount=\"0.00\" name=\"wpforms[fields][10][]\" value=\"8\" required ><label class=\"wpforms-field-label-inline\" for=\"wpforms-8740-field_10_8\">Wireless<\/label><\/li><li class=\"choice-9\"><input type=\"checkbox\" id=\"wpforms-8740-field_10_9\" class=\"wpforms-payment-price\" data-amount=\"0.00\" name=\"wpforms[fields][10][]\" value=\"9\" required ><label class=\"wpforms-field-label-inline\" for=\"wpforms-8740-field_10_9\">Outros<\/label><\/li><\/ul><\/div><div id=\"wpforms-8740-field_11-container\" class=\"wpforms-field wpforms-field-textarea\" data-field-id=\"11\"><label class=\"wpforms-field-label\" for=\"wpforms-8740-field_11\">Observa\u00e7\u00f5es <span class=\"wpforms-required-label\">*<\/span><\/label><textarea id=\"wpforms-8740-field_11\" class=\"wpforms-field-medium wpforms-field-required wpforms-limit-characters-enabled\" data-form-id=\"8740\" data-field-id=\"11\" data-text-limit=\"10000\" name=\"wpforms[fields][11]\" maxlength=\"10000\" required><\/textarea><\/div><div id=\"wpforms-8740-field_12-container\" class=\"wpforms-field wpforms-field-file-upload\" data-field-id=\"12\"><label class=\"wpforms-field-label\" for=\"wpforms-8740-field_12\">Anexos<\/label><div\n\t\tclass=\"wpforms-uploader\"\n\t\tdata-field-id=\"12\"\n\t\tdata-form-id=\"8740\"\n\t\tdata-input-name=\"wpforms_8740_12\"\n\t\tdata-extensions=\"jpg,jpeg,jpe,gif,png,bmp,tiff,tif,webp,avif,ico,heic,heif,heics,heifs,asf,asx,wmv,wmx,wm,avi,divx,mov,qt,mpeg,mpg,mpe,mp4,m4v,ogv,webm,mkv,3gp,3gpp,3g2,3gp2,txt,asc,c,cc,h,srt,csv,tsv,ics,rtx,css,vtt,mp3,m4a,m4b,aac,ra,ram,wav,ogg,oga,flac,mid,midi,wma,wax,mka,rtf,pdf,class,tar,zip,gz,gzip,rar,7z,psd,xcf,doc,pot,pps,ppt,wri,xla,xls,xlt,xlw,mpp,docx,docm,dotx,dotm,xlsx,xlsm,xlsb,xltx,xltm,xlam,pptx,pptm,ppsx,ppsm,potx,potm,ppam,sldx,sldm,onetoc,onetoc2,onepkg,oxps,xps,odt,odp,ods,odg,odc,odb,odf,wp,wpd,key,numbers,pages,woff,woff2\"\n\t\tdata-max-size=\"20971520\"\n\t\tdata-max-file-number=\"1\"\n\t\tdata-post-max-size=\"20971520\"\n\t\tdata-max-parallel-uploads=\"4\"\n\t\tdata-parallel-uploads=\"true\"\n\t\tdata-file-chunk-size=\"2097152\">\n\t<div class=\"dz-message\">\n\t\t<svg viewBox=\"0 0 1024 1024\" focusable=\"false\" data-icon=\"inbox\" width=\"50px\" height=\"50px\" fill=\"#b1b1b1\" aria-hidden=\"true\">\n\t\t\t<path d=\"M885.2 446.3l-.2-.8-112.2-285.1c-5-16.1-19.9-27.2-36.8-27.2H281.2c-17 0-32.1 11.3-36.9 27.6L139.4 443l-.3.7-.2.8c-1.3 4.9-1.7 9.9-1 14.8-.1 1.6-.2 3.2-.2 4.8V830a60.9 60.9 0 0 0 60.8 60.8h627.2c33.5 0 60.8-27.3 60.9-60.8V464.1c0-1.3 0-2.6-.1-3.7.4-4.9 0-9.6-1.3-14.1zm-295.8-43l-.3 15.7c-.8 44.9-31.8 75.1-77.1 75.1-22.1 0-41.1-7.1-54.8-20.6S436 441.2 435.6 419l-.3-15.7H229.5L309 210h399.2l81.7 193.3H589.4zm-375 76.8h157.3c24.3 57.1 76 90.8 140.4 90.8 33.7 0 65-9.4 90.3-27.2 22.2-15.6 39.5-37.4 50.7-63.6h156.5V814H214.4V480.1z\"><\/path>\n\t\t<\/svg>\n\t\t<span class=\"modern-title\">Click or drag a file to this area to upload.<\/span>\n\n\t\t\t<\/div>\n<\/div>\n<input\n\t\ttype=\"text\"\n\t\tautocomplete=\"off\"\n\t\tclass=\"dropzone-input\"\n\t\tstyle=\"position:absolute!important;clip:rect(0,0,0,0)!important;height:1px!important;width:1px!important;border:0!important;overflow:hidden!important;padding:0!important;margin:0!important;\"\n\t\tid=\"wpforms-8740-field_12\"\n\t\tname=\"wpforms_8740_12\" \t\tvalue=\"\">\n<\/div><\/div><input type=\"hidden\" name=\"wpforms[recaptcha]\" value=\"\"><div class=\"wpforms-submit-container\"><input type=\"hidden\" name=\"wpforms[id]\" value=\"8740\"><input type=\"hidden\" name=\"wpforms[author]\" value=\"3\"><button type=\"submit\" name=\"wpforms[submit]\" id=\"wpforms-submit-8740\" class=\"wpforms-submit arrendamento-button\" data-alt-text=\"A enviar ...\" data-submit-text=\"Submeter\" aria-live=\"assertive\" value=\"wpforms-submit\">Submeter<\/button><img decoding=\"async\" data-src=\"https:\/\/nerba.pt\/site\/wp-content\/plugins\/wpforms\/assets\/images\/submit-spin.svg\" class=\"wpforms-submit-spinner lazyload\" style=\"--smush-placeholder-width: 26px; --smush-placeholder-aspect-ratio: 26\/26;display: none;\" width=\"26\" height=\"26\" alt=\"\" src=\"data:image\/svg+xml;base64,PHN2ZyB3aWR0aD0iMSIgaGVpZ2h0PSIxIiB4bWxucz0iaHR0cDovL3d3dy53My5vcmcvMjAwMC9zdmciPjwvc3ZnPg==\"><\/div><\/form><\/div>  <!-- .wpforms-container -->\t\t<\/div>\n\t\t\t\t<\/div>\n\t\t\t\t\t<\/div>\n\t\t<\/div>\n\t\t\t\t\t\t\t<\/div>\n\t\t<\/section>\n\t\t\t\t\t\t\t<\/div>\n\t\t","protected":false},"excerpt":{"rendered":"<p>Arrende j\u00e1 as nossas instala\u00e7\u00f5es<\/p>\n","protected":false},"author":3,"featured_media":0,"parent":0,"menu_order":0,"comment_status":"closed","ping_status":"closed","template":"","meta":{"footnotes":""},"class_list":["post-20669","page","type-page","status-publish","hentry"],"_links":{"self":[{"href":"https:\/\/nerba.pt\/site\/wp-json\/wp\/v2\/pages\/20669","targetHints":{"allow":["GET"]}}],"collection":[{"href":"https:\/\/nerba.pt\/site\/wp-json\/wp\/v2\/pages"}],"about":[{"href":"https:\/\/nerba.pt\/site\/wp-json\/wp\/v2\/types\/page"}],"author":[{"embeddable":true,"href":"https:\/\/nerba.pt\/site\/wp-json\/wp\/v2\/users\/3"}],"replies":[{"embeddable":true,"href":"https:\/\/nerba.pt\/site\/wp-json\/wp\/v2\/comments?post=20669"}],"version-history":[{"count":19,"href":"https:\/\/nerba.pt\/site\/wp-json\/wp\/v2\/pages\/20669\/revisions"}],"predecessor-version":[{"id":20703,"href":"https:\/\/nerba.pt\/site\/wp-json\/wp\/v2\/pages\/20669\/revisions\/20703"}],"wp:attachment":[{"href":"https:\/\/nerba.pt\/site\/wp-json\/wp\/v2\/media?parent=20669"}],"curies":[{"name":"wp","href":"https:\/\/api.w.org\/{rel}","templated":true}]}}