{"id":16882,"date":"2024-03-15T17:48:51","date_gmt":"2024-03-15T17:48:51","guid":{"rendered":"https:\/\/nerba.pt\/site\/?page_id=16882"},"modified":"2024-03-15T17:50:37","modified_gmt":"2024-03-15T17:50:37","slug":"poliniza","status":"publish","type":"page","link":"https:\/\/nerba.pt\/site\/poliniza\/","title":{"rendered":"POLINIZA"},"content":{"rendered":"\t\t<div data-elementor-type=\"wp-page\" data-elementor-id=\"16882\" class=\"elementor elementor-16882\" data-elementor-post-type=\"page\">\n\t\t\t\t\t\t\t\t\t<section class=\"elementor-section elementor-top-section elementor-element elementor-element-e4db4fc elementor-section-boxed elementor-section-height-default elementor-section-height-default\" data-id=\"e4db4fc\" data-element_type=\"section\">\n\t\t\t\t\t\t<div class=\"elementor-container elementor-column-gap-default\">\n\t\t\t\t\t<div class=\"elementor-column elementor-col-100 elementor-top-column elementor-element elementor-element-796c380\" data-id=\"796c380\" data-element_type=\"column\">\n\t\t\t<div class=\"elementor-widget-wrap elementor-element-populated\">\n\t\t\t\t\t\t\t\t<div class=\"elementor-element elementor-element-9bee9c8 elementor-widget elementor-widget-image\" data-id=\"9bee9c8\" data-element_type=\"widget\" data-widget_type=\"image.default\">\n\t\t\t\t<div class=\"elementor-widget-container\">\n\t\t\t\t\t\t\t\t\t\t\t\t\t\t\t<img decoding=\"async\" width=\"594\" height=\"242\" data-src=\"https:\/\/nerba.pt\/site\/wp-content\/uploads\/2023\/12\/interregespanha-portugal_logomedio-1.jpg\" class=\"attachment-medium size-medium wp-image-16588 lazyload\" alt=\"\" data-srcset=\"https:\/\/nerba.pt\/site\/wp-content\/uploads\/2023\/12\/interregespanha-portugal_logomedio-1.jpg 594w, https:\/\/nerba.pt\/site\/wp-content\/uploads\/2023\/12\/interregespanha-portugal_logomedio-1-18x7.jpg 18w\" data-sizes=\"(max-width: 594px) 100vw, 594px\" src=\"data:image\/svg+xml;base64,PHN2ZyB3aWR0aD0iMSIgaGVpZ2h0PSIxIiB4bWxucz0iaHR0cDovL3d3dy53My5vcmcvMjAwMC9zdmciPjwvc3ZnPg==\" style=\"--smush-placeholder-width: 594px; --smush-placeholder-aspect-ratio: 594\/242;\" \/>\t\t\t\t\t\t\t\t\t\t\t\t\t\t\t<\/div>\n\t\t\t\t<\/div>\n\t\t\t\t\t<\/div>\n\t\t<\/div>\n\t\t\t\t\t\t\t<\/div>\n\t\t<\/section>\n\t\t\t\t<section class=\"elementor-section elementor-top-section elementor-element elementor-element-2ed0e3a elementor-section-boxed elementor-section-height-default elementor-section-height-default\" data-id=\"2ed0e3a\" data-element_type=\"section\">\n\t\t\t\t\t\t<div class=\"elementor-container elementor-column-gap-default\">\n\t\t\t\t\t<div class=\"elementor-column elementor-col-100 elementor-top-column elementor-element elementor-element-69e1e83\" data-id=\"69e1e83\" data-element_type=\"column\">\n\t\t\t<div class=\"elementor-widget-wrap elementor-element-populated\">\n\t\t\t\t\t\t\t\t<div class=\"elementor-element elementor-element-b214152 elementor-widget elementor-widget-text-editor\" data-id=\"b214152\" data-element_type=\"widget\" data-widget_type=\"text-editor.default\">\n\t\t\t\t<div class=\"elementor-widget-container\">\n\t\t\t\t\t\t\t<p><strong>Ficha de projeto<\/strong><\/p><p><strong>Projecto Cofinanciado <\/strong><\/p><p><strong>\u00a0<\/strong><\/p><p><strong>\u00a0<\/strong><\/p><p><strong>Acr\u00f3nimo <\/strong>TIMMIS POLINIZA<\/p><p><strong>Projecto Cofinanciado <\/strong><\/p><p><strong>\u00a0<\/strong><\/p><p><strong>\u00a0<\/strong><\/p><p><strong>Identifica\u00e7\u00e3o e Enquadramento do projeto:<\/strong><\/p><p>Benefici\u00e1rio Principal: ESQ-4718001C, Universidad de Valladolid<\/p><p>C\u00f3digo do Projecto 0772_TIMMIS_Poliniza_2_E<\/p><p>Eixo 2 &#8211; Crescimento integrador atrav\u00e9s da coopera\u00e7\u00e3o transfronteiri\u00e7a para o desenvolvimento da competitividade empresarial<\/p><p>Prioridade de Investimento 3A \u2013 Promo\u00e7\u00e3o do esp\u00edrito empresarial, nomeadamente facilitando o aproveitamento econ\u00f3mico de ideias novas e incentivando a cria\u00e7\u00e3o de novas empresas, incluindo as incubadoras de empresas<\/p><p>Objetivo Tem\u00e1tico 3: Melhorar a competitividade das pequenas e m\u00e9dias empresas<\/p><p>Objetivo Espec\u00edfico: OE3A Cria\u00e7\u00e3o das condi\u00e7\u00f5es necess\u00e1rias e prop\u00edcias para o surgimento de novas iniciativas empresariais.<\/p><p>Programa INTERREG V-A Espanha-Portugal 2014-2020<\/p><p>Fundo \u2013 Fundo Europeu de Desenvolvimento Regional<\/p><p>\u00a0<\/p><p><strong>\u00c1rea de coopera\u00e7\u00e3o: 2 &#8211;<\/strong> NORTE DE PORTUGAL- CASTILLA Y LE\u00d3N<\/p><p>\u00a0<\/p><p><strong>Or\u00e7amento total do projeto<\/strong>: 442.279,28\u20ac<\/p><p><strong>Calend\u00e1rio de execu\u00e7\u00e3o<\/strong> 01-06-2022 a 15-06-2023<\/p><p>\u00a0<\/p><p><strong>P\u00e1gina web do projeto<\/strong> https:\/\/www.redtcue.es\/interreg\/timmis-poliniza<\/p><p><a href=\"https:\/\/intra.nerba.pt\/\">https:\/\/intra.nerba.pt\/<\/a><\/p><p>\u00a0<\/p><p><strong>P\u00e1gina web do programa<\/strong> <a href=\"https:\/\/www.poctep.eu\/\">https:\/\/www.poctep.eu\/<\/a><\/p><p>\u00a0<\/p><p><strong>S\u00edntese do projeto<\/strong><\/p><ul><li>Aumentar o impacto do anterior projecto 0422 TIMMIS Empreendedorismo na \u00e1rea transfronteiri\u00e7a para o desenvolvimento econ\u00f3mico com o fomento do espirito empresarial.<\/li><li>Ampliar a metodologia de gera\u00e7\u00e3o de modelos de neg\u00f3cio de acordo com a taxonomia financeira sustent\u00e1vel da Comiss\u00e3o Europeia com o prop\u00f3sito de atrair investimento e talento contra o despovoamento destes territ\u00f3rios.<\/li><li>Contribuir para os ODS.<\/li><li>Gerar sinergias e parcerias com outras iniciativas Interreg POCTEP, mediante sess\u00f5es de trabalho conjuntas.<\/li><li>Mapear processos e definir a estrat\u00e9gia de digitaliza\u00e7\u00e3o em que assentam a base da futura escalabilidade do projecto para, dessa forma, aumentar o espirito empreendedor e o intra empreendedorismo sustent\u00e1vel e digital.<\/li><\/ul><p><strong>\u00a0<\/strong><\/p><p><strong>Resultados<\/strong><\/p><ul><li>Identificar projectos interreg POCTEP com os quais de poder\u00e1 colaborar para incrementar o fortalecimento da competitividade empresarial e o esp\u00edrito empreendedor<\/li><li>7 experi\u00eancias em territ\u00f3rio para realizar uma apresenta\u00e7\u00e3o do TIMMIS.<\/li><li>6 reuni\u00f5es de trabalho com participa\u00e7\u00e3o de entidades vinculadas para a expans\u00e3o do associativismo.<\/li><li>Mapeamento dos processos e a aplica\u00e7\u00e3o de metodologias \u00e1geis, m\u00ednimo de 10 reuni\u00f5es.<\/li><li>Protocolo de intra empreendedorismo para a transfer\u00eancia universidade\/empresa.<\/li><\/ul><p>\u00a0<\/p><p><strong>Indicadores de realiza\u00e7\u00e3o e resultado <\/strong><\/p><ul><li>Indicadores de produtividade<\/li><\/ul><p>E002-Servi\u00e7os de desenvolvimento de neg\u00f3cios criados ou apoiados: 8 EMPRESAS<\/p><p>C001-N\u00famero de empresas que recebem apoio: 20 EMPRESAS<\/p><ul><li>Indicadores de resultados<\/li><\/ul><p>R003 &#8211; Varia\u00e7\u00e3o do n\u00famero de empresas no espa\u00e7o de coopera\u00e7\u00e3o:20 EMPRESAS QUE RECEBERAM O APOIO DA METODOLOGIA TIMMIS<\/p><p><strong>\u00a0<\/strong><\/p><p><strong>Parceria<\/strong><\/p><p><strong>Benefici\u00e1rios<\/strong><\/p><p>Universidad de Valladolid<\/p><p>Camara de Comercio de Valladolid<\/p><p>Instituto Polit\u00e9cnico de Bragan\u00e7a<\/p><p>Fundaci\u00f3n Universidades y Ense\u00f1anzas Superiores de Castilla y Le\u00f3n (FUESCYL)<\/p><p>NERBA Associa\u00e7\u00e3o Empresarial do Distrito de Bragan\u00e7a<\/p><p>Export Blue Market, SL<\/p><p><strong>\u00a0<\/strong><\/p>\t\t\t\t\t\t<\/div>\n\t\t\t\t<\/div>\n\t\t\t\t\t<\/div>\n\t\t<\/div>\n\t\t\t\t\t\t\t<\/div>\n\t\t<\/section>\n\t\t\t\t\t\t\t<\/div>\n\t\t","protected":false},"excerpt":{"rendered":"<p>Ficha de projeto Projecto Cofinanciado \u00a0 \u00a0 Acr\u00f3nimo TIMMIS POLINIZA Projecto Cofinanciado \u00a0 \u00a0 Identifica\u00e7\u00e3o e Enquadramento do projeto: Benefici\u00e1rio Principal: ESQ-4718001C, Universidad de Valladolid C\u00f3digo do Projecto 0772_TIMMIS_Poliniza_2_E Eixo 2 &#8211; Crescimento integrador atrav\u00e9s da coopera\u00e7\u00e3o transfronteiri\u00e7a para o desenvolvimento da competitividade empresarial Prioridade de Investimento 3A \u2013 Promo\u00e7\u00e3o do esp\u00edrito empresarial, nomeadamente facilitando&hellip;<\/p>\n","protected":false},"author":3,"featured_media":0,"parent":0,"menu_order":20,"comment_status":"closed","ping_status":"closed","template":"","meta":{"footnotes":""},"class_list":["post-16882","page","type-page","status-publish","hentry"],"_links":{"self":[{"href":"https:\/\/nerba.pt\/site\/wp-json\/wp\/v2\/pages\/16882","targetHints":{"allow":["GET"]}}],"collection":[{"href":"https:\/\/nerba.pt\/site\/wp-json\/wp\/v2\/pages"}],"about":[{"href":"https:\/\/nerba.pt\/site\/wp-json\/wp\/v2\/types\/page"}],"author":[{"embeddable":true,"href":"https:\/\/nerba.pt\/site\/wp-json\/wp\/v2\/users\/3"}],"replies":[{"embeddable":true,"href":"https:\/\/nerba.pt\/site\/wp-json\/wp\/v2\/comments?post=16882"}],"version-history":[{"count":4,"href":"https:\/\/nerba.pt\/site\/wp-json\/wp\/v2\/pages\/16882\/revisions"}],"predecessor-version":[{"id":16886,"href":"https:\/\/nerba.pt\/site\/wp-json\/wp\/v2\/pages\/16882\/revisions\/16886"}],"wp:attachment":[{"href":"https:\/\/nerba.pt\/site\/wp-json\/wp\/v2\/media?parent=16882"}],"curies":[{"name":"wp","href":"https:\/\/api.w.org\/{rel}","templated":true}]}}