{"id":16659,"date":"2024-02-15T17:54:19","date_gmt":"2024-02-15T17:54:19","guid":{"rendered":"https:\/\/nerba.pt\/site\/?page_id=16659"},"modified":"2025-09-28T17:16:16","modified_gmt":"2025-09-28T17:16:16","slug":"eventos-e-atividades","status":"publish","type":"page","link":"https:\/\/nerba.pt\/site\/eventos-e-atividades\/","title":{"rendered":"EVENTOS E ATIVIDADES"},"content":{"rendered":"\t\t<div data-elementor-type=\"wp-page\" data-elementor-id=\"16659\" class=\"elementor elementor-16659\" data-elementor-post-type=\"page\">\n\t\t\t\t\t\t\t\t\t<section class=\"elementor-section elementor-top-section elementor-element elementor-element-6578de9 elementor-section-boxed elementor-section-height-default elementor-section-height-default\" data-id=\"6578de9\" data-element_type=\"section\">\n\t\t\t\t\t\t<div class=\"elementor-container elementor-column-gap-default\">\n\t\t\t\t\t<div class=\"elementor-column elementor-col-100 elementor-top-column elementor-element elementor-element-32510fb\" data-id=\"32510fb\" data-element_type=\"column\">\n\t\t\t<div class=\"elementor-widget-wrap elementor-element-populated\">\n\t\t\t\t\t\t\t\t<div class=\"elementor-element elementor-element-49ae9a7 elementor-hidden-tablet elementor-hidden-mobile elementor-widget elementor-widget-spacer\" data-id=\"49ae9a7\" data-element_type=\"widget\" data-widget_type=\"spacer.default\">\n\t\t\t\t<div class=\"elementor-widget-container\">\n\t\t\t\t\t<div class=\"elementor-spacer\">\n\t\t\t<div class=\"elementor-spacer-inner\"><\/div>\n\t\t<\/div>\n\t\t\t\t<\/div>\n\t\t\t\t<\/div>\n\t\t\t\t\t<\/div>\n\t\t<\/div>\n\t\t\t\t\t\t\t<\/div>\n\t\t<\/section>\n\t\t\t\t<section class=\"elementor-section elementor-top-section elementor-element elementor-element-f03307a elementor-section-boxed elementor-section-height-default elementor-section-height-default\" data-id=\"f03307a\" data-element_type=\"section\">\n\t\t\t\t\t\t<div class=\"elementor-container elementor-column-gap-default\">\n\t\t\t\t\t<div class=\"elementor-column elementor-col-100 elementor-top-column elementor-element elementor-element-323f4d3\" data-id=\"323f4d3\" data-element_type=\"column\">\n\t\t\t<div class=\"elementor-widget-wrap elementor-element-populated\">\n\t\t\t\t\t\t\t\t<div class=\"elementor-element elementor-element-409bcc9 elementor-widget elementor-widget-text-editor\" data-id=\"409bcc9\" data-element_type=\"widget\" data-widget_type=\"text-editor.default\">\n\t\t\t\t<div class=\"elementor-widget-container\">\n\t\t\t\t\t\t\t<p class=\"t-w_h\"><strong># Realizados<\/strong><\/p>\t\t\t\t\t\t<\/div>\n\t\t\t\t<\/div>\n\t\t\t\t<div class=\"elementor-element elementor-element-552ad38 elementor-widget elementor-widget-heading\" data-id=\"552ad38\" data-element_type=\"widget\" data-widget_type=\"heading.default\">\n\t\t\t\t<div class=\"elementor-widget-container\">\n\t\t\t<h2 class=\"elementor-heading-title elementor-size-default\">Evento e Atividades<\/h2>\t\t<\/div>\n\t\t\t\t<\/div>\n\t\t\t\t\t<\/div>\n\t\t<\/div>\n\t\t\t\t\t\t\t<\/div>\n\t\t<\/section>\n\t\t\t\t<section class=\"elementor-section elementor-top-section elementor-element elementor-element-2260c31 elementor-section-boxed elementor-section-height-default elementor-section-height-default\" data-id=\"2260c31\" data-element_type=\"section\">\n\t\t\t\t\t\t<div class=\"elementor-container elementor-column-gap-wide\">\n\t\t\t\t\t<div class=\"elementor-column elementor-col-100 elementor-top-column elementor-element elementor-element-dacf80d\" data-id=\"dacf80d\" data-element_type=\"column\">\n\t\t\t<div class=\"elementor-widget-wrap elementor-element-populated\">\n\t\t\t\t\t\t\t\t<div class=\"elementor-element elementor-element-6521fb6 elementor-widget elementor-widget-spacer\" data-id=\"6521fb6\" data-element_type=\"widget\" data-widget_type=\"spacer.default\">\n\t\t\t\t<div class=\"elementor-widget-container\">\n\t\t\t\t\t<div class=\"elementor-spacer\">\n\t\t\t<div class=\"elementor-spacer-inner\"><\/div>\n\t\t<\/div>\n\t\t\t\t<\/div>\n\t\t\t\t<\/div>\n\t\t\t\t<div class=\"elementor-element elementor-element-a8239c5 elementor-widget elementor-widget-the7_elements\" data-id=\"a8239c5\" data-element_type=\"widget\" data-widget_type=\"the7_elements.default\">\n\t\t\t\t<div class=\"elementor-widget-container\">\n\t\t\t<div class=\"portfolio-shortcode the7-elementor-widget the7_elements-a8239c5 mode-masonry content-rollover-layout-list description-on-hover disable-layout-hover content-bg-on resize-by-browser-width widget-with-filter loading-effect-fade-in\" data-padding=\"30px\" data-mobile-columns-num=\"1\" data-tablet-columns-num=\"2\" data-desktop-columns-num=\"3\" data-wide-desktop-columns-num=\"3\" data-post-limit=\"-1\" data-pagination-mode=\"standard\" data-scroll-offset=\"\"><div class=\"iso-container dt-isotope custom-iso-columns\"><div class=\"visible wf-cell iso-item category-970 category-488\" data-post-id=\"21733\" data-date=\"2025-12-03T11:25:04+00:00\" data-name=\"A nossa equipa no festival da Francesinha\"><article class=\"post visible forward-post post-21733 type-post status-publish format-standard has-post-thumbnail hentry category-eventos category-terminada\" data-name=\"A nossa equipa no festival da Francesinha\" data-date=\"2025-12-03T11:25:04+00:00\">\n<div class=\"post-thumbnail-wrap \">\n\t<div class=\"post-thumbnail \">\n\n\t\t<a href=\"https:\/\/nerba.pt\/site\/evento-festival-francesinha\/\" class=\"post-thumbnail-rollover layzr-bg\" aria-label=\"Post image\"><img decoding=\"async\" class=\"preload-me iso-lazy-load\" src=\"data:image\/svg+xml,%3Csvg%20xmlns%3D&#39;http%3A%2F%2Fwww.w3.org%2F2000%2Fsvg&#39;%20viewBox%3D&#39;0%200%20768%20768&#39;%2F%3E\" data-src=\"https:\/\/nerba.pt\/site\/wp-content\/uploads\/2025\/12\/eventos_francesinha_equipa-768x768.jpg\" data-srcset=\"https:\/\/nerba.pt\/site\/wp-content\/uploads\/2025\/12\/eventos_francesinha_equipa-768x768.jpg 768w, https:\/\/nerba.pt\/site\/wp-content\/uploads\/2025\/12\/eventos_francesinha_equipa-1152x1152.jpg 1152w\" alt=\"equipa nerba evento francesinha\" title=\"eventos_francesinha_equipa\" width=\"768\" height=\"768\"  \/><\/a>\n\t<\/div>\n<\/div>\n\n<div class=\"post-entry-content\">\n\t<div class=\"post-entry-wrapper\">\n\t\t<div class=\"post-entry-body\">\n\t\t\t<h6 class=\"ele-entry-title\"><a href=\"https:\/\/nerba.pt\/site\/evento-festival-francesinha\/\" title=\"A nossa equipa no festival da Francesinha\" rel=\"bookmark\">A nossa equipa no festival da Francesinha<\/a><\/h6><div class=\"entry-meta\"><a href=\"https:\/\/nerba.pt\/site\/2025\/12\/03\/\" title=\"11:25\" class=\"meta-item data-link\" rel=\"bookmark\"><time class=\"entry-date updated\" datetime=\"2025-12-03T11:25:04+00:00\">3 de Dezembro, 2025<\/time><\/a><\/div>\t\t<\/div>\n\t<\/div>\n<\/div><\/article><\/div><div class=\"visible wf-cell iso-item category-970 category-488\" data-post-id=\"21655\" data-date=\"2025-12-02T11:25:43+00:00\" data-name=\"NERBA no F\u00f3rum da CCDR-NORTE: Descentraliza\u00e7\u00e3o e Coes\u00e3o P\u00f3s-2028\"><article class=\"post visible forward-post post-21655 type-post status-publish format-standard has-post-thumbnail hentry category-eventos category-terminada\" data-name=\"NERBA no F\u00f3rum da CCDR-NORTE: Descentraliza\u00e7\u00e3o e Coes\u00e3o P\u00f3s-2028\" data-date=\"2025-12-02T11:25:43+00:00\">\n<div class=\"post-thumbnail-wrap \">\n\t<div class=\"post-thumbnail \">\n\n\t\t<a href=\"https:\/\/nerba.pt\/site\/nerba-no-forum-da-ccdr-norte-descentralizacao-e-coesao-pos-2028\/\" class=\"post-thumbnail-rollover layzr-bg\" aria-label=\"Post image\"><img decoding=\"async\" class=\"preload-me iso-lazy-load\" src=\"data:image\/svg+xml,%3Csvg%20xmlns%3D&#39;http%3A%2F%2Fwww.w3.org%2F2000%2Fsvg&#39;%20viewBox%3D&#39;0%200%20768%20768&#39;%2F%3E\" data-src=\"https:\/\/nerba.pt\/site\/wp-content\/uploads\/2025\/12\/presenca_evento_forum_reg_1-scaled-768x768.jpeg\" data-srcset=\"https:\/\/nerba.pt\/site\/wp-content\/uploads\/2025\/12\/presenca_evento_forum_reg_1-scaled-768x768.jpeg 768w, https:\/\/nerba.pt\/site\/wp-content\/uploads\/2025\/12\/presenca_evento_forum_reg_1-scaled-1152x1152.jpeg 1152w\" alt=\"\" title=\"presenca_evento_forum_reg_1\" width=\"768\" height=\"768\"  \/><\/a>\n\t<\/div>\n<\/div>\n\n<div class=\"post-entry-content\">\n\t<div class=\"post-entry-wrapper\">\n\t\t<div class=\"post-entry-body\">\n\t\t\t<h6 class=\"ele-entry-title\"><a href=\"https:\/\/nerba.pt\/site\/nerba-no-forum-da-ccdr-norte-descentralizacao-e-coesao-pos-2028\/\" title=\"NERBA no F\u00f3rum da CCDR-NORTE: Descentraliza\u00e7\u00e3o e Coes\u00e3o P\u00f3s-2028\" rel=\"bookmark\">NERBA no F\u00f3rum da CCDR-NORTE: Descentraliza\u00e7\u00e3o e Coes\u00e3o P\u00f3s-2028<\/a><\/h6><div class=\"entry-meta\"><a href=\"https:\/\/nerba.pt\/site\/2025\/12\/02\/\" title=\"11:25\" class=\"meta-item data-link\" rel=\"bookmark\"><time class=\"entry-date updated\" datetime=\"2025-12-02T11:25:43+00:00\">2 de Dezembro, 2025<\/time><\/a><\/div>\t\t<\/div>\n\t<\/div>\n<\/div><\/article><\/div><div class=\"visible wf-cell iso-item category-970 category-488\" data-post-id=\"21648\" data-date=\"2025-11-21T10:10:08+00:00\" data-name=\"Encontro sobre a Economia da Prata e Inova\u00e7\u00e3o\"><article class=\"post visible forward-post post-21648 type-post status-publish format-standard has-post-thumbnail hentry category-eventos category-terminada tag-aforcadeumaregiao tag-distritodebraganca tag-economia tag-inovacao tag-nerba tag-tecidoempresarial tag-tecnologia\" data-name=\"Encontro sobre a Economia da Prata e Inova\u00e7\u00e3o\" data-date=\"2025-11-21T10:10:08+00:00\">\n<div class=\"post-thumbnail-wrap \">\n\t<div class=\"post-thumbnail \">\n\n\t\t<a href=\"https:\/\/nerba.pt\/site\/presenca-no-encontro-sobre-a-economia-da-prata-e-inovacao\/\" class=\"post-thumbnail-rollover layzr-bg\" aria-label=\"Post image\"><img decoding=\"async\" class=\"preload-me iso-lazy-load\" src=\"data:image\/svg+xml,%3Csvg%20xmlns%3D&#39;http%3A%2F%2Fwww.w3.org%2F2000%2Fsvg&#39;%20viewBox%3D&#39;0%200%20768%20768&#39;%2F%3E\" data-src=\"https:\/\/nerba.pt\/site\/wp-content\/uploads\/2025\/12\/presenca_eventos_fin-768x768.jpg\" data-srcset=\"https:\/\/nerba.pt\/site\/wp-content\/uploads\/2025\/12\/presenca_eventos_fin-768x768.jpg 768w, https:\/\/nerba.pt\/site\/wp-content\/uploads\/2025\/12\/presenca_eventos_fin-1036x1036.jpg 1036w\" alt=\"\" title=\"presenca_eventos_fin\" width=\"768\" height=\"768\"  \/><\/a>\n\t<\/div>\n<\/div>\n\n<div class=\"post-entry-content\">\n\t<div class=\"post-entry-wrapper\">\n\t\t<div class=\"post-entry-body\">\n\t\t\t<h6 class=\"ele-entry-title\"><a href=\"https:\/\/nerba.pt\/site\/presenca-no-encontro-sobre-a-economia-da-prata-e-inovacao\/\" title=\"Encontro sobre a Economia da Prata e Inova\u00e7\u00e3o\" rel=\"bookmark\">Encontro sobre a Economia da Prata e Inova\u00e7\u00e3o<\/a><\/h6><div class=\"entry-meta\"><a href=\"https:\/\/nerba.pt\/site\/2025\/11\/21\/\" title=\"10:10\" class=\"meta-item data-link\" rel=\"bookmark\"><time class=\"entry-date updated\" datetime=\"2025-11-21T10:10:08+00:00\">21 de Novembro, 2025<\/time><\/a><\/div>\t\t<\/div>\n\t<\/div>\n<\/div><\/article><\/div><div class=\"visible wf-cell iso-item category-970 category-488\" data-post-id=\"21568\" data-date=\"2025-10-09T12:02:43+00:00\" data-name=\"Encontro NaturFab refor\u00e7a colabora\u00e7\u00e3o transfronteiri\u00e7a\"><article class=\"post visible forward-post post-21568 type-post status-publish format-standard has-post-thumbnail hentry category-eventos category-terminada tag-naturefab-norte-nerba-aforcadeumaregiao-poctep-trasosmontes-sustentabilidade-espanha-portugal-relacoestransfronteiricas-internacionalizacao\" data-name=\"Encontro NaturFab refor\u00e7a colabora\u00e7\u00e3o transfronteiri\u00e7a\" data-date=\"2025-10-09T12:02:43+00:00\">\n<div class=\"post-thumbnail-wrap \">\n\t<div class=\"post-thumbnail \">\n\n\t\t<a href=\"https:\/\/nerba.pt\/site\/encontro-naturfab-reforca-colaboracao-transfronteirica\/\" class=\"post-thumbnail-rollover layzr-bg\" aria-label=\"Post image\"><img decoding=\"async\" class=\"preload-me iso-lazy-load\" src=\"data:image\/svg+xml,%3Csvg%20xmlns%3D&#39;http%3A%2F%2Fwww.w3.org%2F2000%2Fsvg&#39;%20viewBox%3D&#39;0%200%20768%20768&#39;%2F%3E\" data-src=\"https:\/\/nerba.pt\/site\/wp-content\/uploads\/2025\/11\/encontro_espana_eventos_realizados-768x768.jpeg\" data-srcset=\"https:\/\/nerba.pt\/site\/wp-content\/uploads\/2025\/11\/encontro_espana_eventos_realizados-768x768.jpeg 768w, https:\/\/nerba.pt\/site\/wp-content\/uploads\/2025\/11\/encontro_espana_eventos_realizados-1066x1066.jpeg 1066w\" alt=\"\" title=\"encontro_espana_eventos_realizados\" width=\"768\" height=\"768\"  \/><\/a>\n\t<\/div>\n<\/div>\n\n<div class=\"post-entry-content\">\n\t<div class=\"post-entry-wrapper\">\n\t\t<div class=\"post-entry-body\">\n\t\t\t<h6 class=\"ele-entry-title\"><a href=\"https:\/\/nerba.pt\/site\/encontro-naturfab-reforca-colaboracao-transfronteirica\/\" title=\"Encontro NaturFab refor\u00e7a colabora\u00e7\u00e3o transfronteiri\u00e7a\" rel=\"bookmark\">Encontro NaturFab refor\u00e7a colabora\u00e7\u00e3o transfronteiri\u00e7a<\/a><\/h6><div class=\"entry-meta\"><a href=\"https:\/\/nerba.pt\/site\/2025\/10\/09\/\" title=\"12:02\" class=\"meta-item data-link\" rel=\"bookmark\"><time class=\"entry-date updated\" datetime=\"2025-10-09T12:02:43+00:00\">9 de Outubro, 2025<\/time><\/a><\/div>\t\t<\/div>\n\t<\/div>\n<\/div><\/article><\/div><div class=\"visible wf-cell iso-item category-970\" data-post-id=\"21549\" data-date=\"2025-09-24T12:55:12+00:00\" data-name=\"Visita \u00e0 empresa Opportunity Agreement\"><article class=\"post visible forward-post post-21549 type-post status-publish format-standard has-post-thumbnail hentry category-eventos tag-empresas tag-opportunity-agreement tag-visita\" data-name=\"Visita \u00e0 empresa Opportunity Agreement\" data-date=\"2025-09-24T12:55:12+00:00\">\n<div class=\"post-thumbnail-wrap \">\n\t<div class=\"post-thumbnail \">\n\n\t\t<a href=\"https:\/\/nerba.pt\/site\/visita-a-empresa-opportunity-agreement\/\" class=\"post-thumbnail-rollover layzr-bg\" aria-label=\"Post image\"><img decoding=\"async\" class=\"preload-me iso-lazy-load\" src=\"data:image\/svg+xml,%3Csvg%20xmlns%3D&#39;http%3A%2F%2Fwww.w3.org%2F2000%2Fsvg&#39;%20viewBox%3D&#39;0%200%20768%20768&#39;%2F%3E\" data-src=\"https:\/\/nerba.pt\/site\/wp-content\/uploads\/2025\/11\/opportunity_eventos_realizados-768x768.jpeg\" data-srcset=\"https:\/\/nerba.pt\/site\/wp-content\/uploads\/2025\/11\/opportunity_eventos_realizados-768x768.jpeg 768w, https:\/\/nerba.pt\/site\/wp-content\/uploads\/2025\/11\/opportunity_eventos_realizados-900x900.jpeg 900w\" alt=\"\" title=\"opportunity_eventos_realizados\" width=\"768\" height=\"768\"  \/><\/a>\n\t<\/div>\n<\/div>\n\n<div class=\"post-entry-content\">\n\t<div class=\"post-entry-wrapper\">\n\t\t<div class=\"post-entry-body\">\n\t\t\t<h6 class=\"ele-entry-title\"><a href=\"https:\/\/nerba.pt\/site\/visita-a-empresa-opportunity-agreement\/\" title=\"Visita \u00e0 empresa Opportunity Agreement\" rel=\"bookmark\">Visita \u00e0 empresa Opportunity Agreement<\/a><\/h6><div class=\"entry-meta\"><a href=\"https:\/\/nerba.pt\/site\/2025\/09\/24\/\" title=\"12:55\" class=\"meta-item data-link\" rel=\"bookmark\"><time class=\"entry-date updated\" datetime=\"2025-09-24T12:55:12+00:00\">24 de Setembro, 2025<\/time><\/a><\/div>\t\t<\/div>\n\t<\/div>\n<\/div><\/article><\/div><div class=\"visible wf-cell iso-item category-970\" data-post-id=\"21410\" data-date=\"2025-09-19T08:15:07+00:00\" data-name=\"40 anos ao servi\u00e7o das empresas da Regi\u00e3o\"><article class=\"post visible forward-post post-21410 type-post status-publish format-standard has-post-thumbnail hentry category-eventos\" data-name=\"40 anos ao servi\u00e7o das empresas da Regi\u00e3o\" data-date=\"2025-09-19T08:15:07+00:00\">\n<div class=\"post-thumbnail-wrap \">\n\t<div class=\"post-thumbnail \">\n\n\t\t<a href=\"https:\/\/nerba.pt\/site\/40-anos-ao-servico-das-empresas-da-regiao\/\" class=\"post-thumbnail-rollover layzr-bg\" aria-label=\"Post image\"><img decoding=\"async\" class=\"preload-me iso-lazy-load\" src=\"data:image\/svg+xml,%3Csvg%20xmlns%3D&#39;http%3A%2F%2Fwww.w3.org%2F2000%2Fsvg&#39;%20viewBox%3D&#39;0%200%20768%20768&#39;%2F%3E\" data-src=\"https:\/\/nerba.pt\/site\/wp-content\/uploads\/2025\/10\/IMG_2098-scaled-e1760516604309-768x768.jpg\" data-srcset=\"https:\/\/nerba.pt\/site\/wp-content\/uploads\/2025\/10\/IMG_2098-scaled-e1760516604309-768x768.jpg 768w, https:\/\/nerba.pt\/site\/wp-content\/uploads\/2025\/10\/IMG_2098-scaled-e1760516604309-1152x1152.jpg 1152w\" alt=\"\" title=\"IMG_2098\" width=\"768\" height=\"768\"  \/><\/a>\n\t<\/div>\n<\/div>\n\n<div class=\"post-entry-content\">\n\t<div class=\"post-entry-wrapper\">\n\t\t<div class=\"post-entry-body\">\n\t\t\t<h6 class=\"ele-entry-title\"><a href=\"https:\/\/nerba.pt\/site\/40-anos-ao-servico-das-empresas-da-regiao\/\" title=\"40 anos ao servi\u00e7o das empresas da Regi\u00e3o\" rel=\"bookmark\">40 anos ao servi\u00e7o das empresas da Regi\u00e3o<\/a><\/h6><div class=\"entry-meta\"><a href=\"https:\/\/nerba.pt\/site\/2025\/09\/19\/\" title=\"8:15\" class=\"meta-item data-link\" rel=\"bookmark\"><time class=\"entry-date updated\" datetime=\"2025-09-19T08:15:07+00:00\">19 de Setembro, 2025<\/time><\/a><\/div>\t\t<\/div>\n\t<\/div>\n<\/div><\/article><\/div><\/div><!-- iso-container|iso-grid --><div class=\"paginator filter-decorations filter-pointer-background filter-animation-fade\" role=\"navigation\"><a href=\"https:\/\/nerba.pt\/site\/wp-json\/wp\/v2\/pages\/16659\/\" class=\"page-numbers filter-item act\" data-page-num=\"1\">1<\/a><a href=\"https:\/\/nerba.pt\/site\/wp-json\/wp\/v2\/pages\/16659\/page\/2\/\" class=\"page-numbers filter-item \" data-page-num=\"2\">2<\/a><a href=\"https:\/\/nerba.pt\/site\/wp-json\/wp\/v2\/pages\/16659\/page\/3\/\" class=\"page-numbers filter-item \" data-page-num=\"3\">3<\/a><a href=\"https:\/\/nerba.pt\/site\/wp-json\/wp\/v2\/pages\/16659\/page\/4\/\" class=\"page-numbers filter-item \" data-page-num=\"4\">4<\/a><a href=\"https:\/\/nerba.pt\/site\/wp-json\/wp\/v2\/pages\/16659\/page\/5\/\" class=\"page-numbers filter-item \" data-page-num=\"5\">5<\/a><a href=\"javascript:void(0);\" class=\"dots\">&#8230;<\/a><div style=\"display: none;\"><a href=\"https:\/\/nerba.pt\/site\/wp-json\/wp\/v2\/pages\/16659\/page\/6\/\" class=\"page-numbers filter-item \" data-page-num=\"6\">6<\/a><a href=\"https:\/\/nerba.pt\/site\/wp-json\/wp\/v2\/pages\/16659\/page\/7\/\" class=\"page-numbers filter-item \" data-page-num=\"7\">7<\/a><a href=\"https:\/\/nerba.pt\/site\/wp-json\/wp\/v2\/pages\/16659\/page\/8\/\" class=\"page-numbers filter-item \" data-page-num=\"8\">8<\/a><a href=\"https:\/\/nerba.pt\/site\/wp-json\/wp\/v2\/pages\/16659\/page\/9\/\" class=\"page-numbers filter-item \" data-page-num=\"9\">9<\/a><a href=\"https:\/\/nerba.pt\/site\/wp-json\/wp\/v2\/pages\/16659\/page\/10\/\" class=\"page-numbers filter-item \" data-page-num=\"10\">10<\/a><a href=\"https:\/\/nerba.pt\/site\/wp-json\/wp\/v2\/pages\/16659\/page\/11\/\" class=\"page-numbers filter-item \" data-page-num=\"11\">11<\/a><\/div><a href=\"https:\/\/nerba.pt\/site\/wp-json\/wp\/v2\/pages\/16659\/page\/12\/\" class=\"page-numbers filter-item \" data-page-num=\"12\">12<\/a><a href=\"https:\/\/nerba.pt\/site\/wp-json\/wp\/v2\/pages\/16659\/page\/2\/\" class=\"page-numbers nav-next\" data-page-num=\"2\" ><i class=\"dt-icon-the7-arrow-35-2\" aria-hidden=\"true\"><\/i><\/a><\/div><\/div>\t\t<\/div>\n\t\t\t\t<\/div>\n\t\t\t\t\t<\/div>\n\t\t<\/div>\n\t\t\t\t\t\t\t<\/div>\n\t\t<\/section>\n\t\t\t\t<section class=\"elementor-section elementor-top-section elementor-element elementor-element-edc9b8b elementor-section-boxed elementor-section-height-default elementor-section-height-default\" data-id=\"edc9b8b\" data-element_type=\"section\">\n\t\t\t\t\t\t<div class=\"elementor-container elementor-column-gap-default\">\n\t\t\t\t\t<div class=\"elementor-column elementor-col-100 elementor-top-column elementor-element elementor-element-645360b\" data-id=\"645360b\" data-element_type=\"column\">\n\t\t\t<div class=\"elementor-widget-wrap elementor-element-populated\">\n\t\t\t\t\t\t\t\t<div class=\"elementor-element elementor-element-2421e06 elementor-widget elementor-widget-spacer\" data-id=\"2421e06\" data-element_type=\"widget\" data-widget_type=\"spacer.default\">\n\t\t\t\t<div class=\"elementor-widget-container\">\n\t\t\t\t\t<div class=\"elementor-spacer\">\n\t\t\t<div class=\"elementor-spacer-inner\"><\/div>\n\t\t<\/div>\n\t\t\t\t<\/div>\n\t\t\t\t<\/div>\n\t\t\t\t\t<\/div>\n\t\t<\/div>\n\t\t\t\t\t\t\t<\/div>\n\t\t<\/section>\n\t\t\t\t\t\t\t<\/div>\n\t\t","protected":false},"excerpt":{"rendered":"<p># Realizados Evento e Atividades Cerim\u00f3nia de tomada de posse dos Diretores e Subdiretores das Escolas do Instituto Polit\u00e9cnico de Bragan\u00e7a (IPB) 7 de Agosto, 2025 Comunidade de Trabalho Norte de Portugal \u2013 Castilla y Le\u00f3n 7 de Agosto, 2025 Open Day Catraport 7 de Agosto, 2025 Visita \u00e0 empresa associada Valled Solu\u00e7\u00f5es Energ\u00e9ticas 7&hellip;<\/p>\n","protected":false},"author":1,"featured_media":0,"parent":0,"menu_order":0,"comment_status":"closed","ping_status":"closed","template":"","meta":{"footnotes":""},"class_list":["post-16659","page","type-page","status-publish","hentry"],"_links":{"self":[{"href":"https:\/\/nerba.pt\/site\/wp-json\/wp\/v2\/pages\/16659","targetHints":{"allow":["GET"]}}],"collection":[{"href":"https:\/\/nerba.pt\/site\/wp-json\/wp\/v2\/pages"}],"about":[{"href":"https:\/\/nerba.pt\/site\/wp-json\/wp\/v2\/types\/page"}],"author":[{"embeddable":true,"href":"https:\/\/nerba.pt\/site\/wp-json\/wp\/v2\/users\/1"}],"replies":[{"embeddable":true,"href":"https:\/\/nerba.pt\/site\/wp-json\/wp\/v2\/comments?post=16659"}],"version-history":[{"count":64,"href":"https:\/\/nerba.pt\/site\/wp-json\/wp\/v2\/pages\/16659\/revisions"}],"predecessor-version":[{"id":21298,"href":"https:\/\/nerba.pt\/site\/wp-json\/wp\/v2\/pages\/16659\/revisions\/21298"}],"wp:attachment":[{"href":"https:\/\/nerba.pt\/site\/wp-json\/wp\/v2\/media?parent=16659"}],"curies":[{"name":"wp","href":"https:\/\/api.w.org\/{rel}","templated":true}]}}